{"id":35,"date":"2016-08-29T21:08:32","date_gmt":"2016-08-29T19:08:32","guid":{"rendered":"http:\/\/www.endomunteanu.cz\/?page_id=35"},"modified":"2024-08-05T09:31:50","modified_gmt":"2024-08-05T07:31:50","slug":"o-nas","status":"publish","type":"page","link":"https:\/\/www.endomunteanu.cz\/?page_id=35","title":{"rendered":"O n\u00e1s"},"content":{"rendered":"<p><a href=\"https:\/\/www.endomunteanu.cz\/wp-content\/uploads\/2016\/11\/IMG_0342aa.jpg\"><img loading=\"lazy\" decoding=\"async\" class=\"alignnone size-medium wp-image-72\" src=\"https:\/\/www.endomunteanu.cz\/wp-content\/uploads\/2016\/11\/IMG_0342aa-225x300.jpg\" alt=\"img_0342aa\" width=\"225\" height=\"300\" srcset=\"https:\/\/www.endomunteanu.cz\/wp-content\/uploads\/2016\/11\/IMG_0342aa-225x300.jpg 225w, https:\/\/www.endomunteanu.cz\/wp-content\/uploads\/2016\/11\/IMG_0342aa.jpg 525w\" sizes=\"(max-width: 225px) 100vw, 225px\" \/><\/a><strong>MUDr. Hana Munteanu<\/strong><\/p>\n<p>vzd\u011bl\u00e1n\u00ed: 1996 absolutorium na LF MU Brno<\/p>\n<p>1999 atestace 1. stupn\u011b z vnit\u0159n\u00edho l\u00e9ka\u0159stv\u00ed<\/p>\n<p>2009 specializovan\u00e1 atestace z endokrinologie<\/p>\n<p>praxe: 1996-2008 o\u0161et\u0159uj\u00edc\u00ed l\u00e9ka\u0159 intern\u00edho odd\u011blen\u00ed Nemocnice Ivan\u010dice(l\u016f\u017ekov\u00e9 odd\u011blen\u00ed, p\u0159\u00edjmov\u00e1 ambulance)<\/p>\n<p>2008-dosud \u00a0ambulantn\u00ed l\u00e9ka\u0159 na endokrinologick\u00e9 ambulanci FN Brno<\/p>\n<p>2012-2013 pr\u00e1ce na \u010d\u00e1ste\u010dn\u00fd \u00favazek v Uherskohradi\u0161\u0165sk\u00e9 nemocnici<\/p>\n<p>Nyn\u00ed st\u00e1le pracuji v \u00favazku 0,4 ve FN Brno.<\/p>\n<p>Spolupracuji s reproduk\u010dn\u00edm centrem <a href=\"http:\/\/www.unica.cz\">Unica<\/a> a <a href=\"http:\/\/www.reprofit.cz\">Reprofit<\/a>.<\/p>\n<p style=\"text-align: left;\"><a href=\"https:\/\/www.endomunteanu.cz\/wp-content\/uploads\/2024\/08\/dasa-scaled.jpg\"><img loading=\"lazy\" decoding=\"async\" class=\"alignnone size-medium wp-image-576\" src=\"https:\/\/www.endomunteanu.cz\/wp-content\/uploads\/2024\/08\/dasa-200x300.jpg\" alt=\"\" width=\"200\" height=\"300\" srcset=\"https:\/\/www.endomunteanu.cz\/wp-content\/uploads\/2024\/08\/dasa-200x300.jpg 200w, https:\/\/www.endomunteanu.cz\/wp-content\/uploads\/2024\/08\/dasa-683x1024.jpg 683w, https:\/\/www.endomunteanu.cz\/wp-content\/uploads\/2024\/08\/dasa-768x1152.jpg 768w, https:\/\/www.endomunteanu.cz\/wp-content\/uploads\/2024\/08\/dasa-1024x1536.jpg 1024w, https:\/\/www.endomunteanu.cz\/wp-content\/uploads\/2024\/08\/dasa-1365x2048.jpg 1365w, https:\/\/www.endomunteanu.cz\/wp-content\/uploads\/2024\/08\/dasa-scaled.jpg 1707w\" sizes=\"(max-width: 200px) 100vw, 200px\" \/>\u00a0 <strong>sestra Dagmar Hanusov\u00e1<\/strong><\/a><\/p>\n<p>vzd\u011bl\u00e1n\u00ed: St\u0159edn\u00ed zdravotn\u00ed \u0161kola Jaselsk\u00e1<\/p>\n<p>1984-1986 intern\u00ed odd\u011blen\u00ed M\u00daNZ Koli\u0161t\u011b Brno<\/p>\n<p>1991-1993 interna geriatrie NCONZO Brno<\/p>\n<p>1986-2006 DD T\u00e1bor<\/p>\n<p>2006-2010 Hospic sv. Al\u017eb\u011btinek Kamenn\u00e1 Brno<\/p>\n<p>2010-2022 FN Brno, endokrinologick\u00e1 ambulance<\/p>\n<p>2022-2024 Domov pro seniory Ivan\u010dice<\/p>\n<p>2024-dosud endokrinologick\u00e1 ambulance<\/p>\n<p>&nbsp;<\/p>\n","protected":false},"excerpt":{"rendered":"<p>MUDr. Hana Munteanu vzd\u011bl\u00e1n\u00ed: 1996 absolutorium na LF MU Brno 1999 atestace 1. stupn\u011b z vnit\u0159n\u00edho l\u00e9ka\u0159stv\u00ed 2009 specializovan\u00e1 atestace z endokrinologie praxe: 1996-2008 o\u0161et\u0159uj\u00edc\u00ed l\u00e9ka\u0159 intern\u00edho odd\u011blen\u00ed Nemocnice Ivan\u010dice(l\u016f\u017ekov\u00e9 odd\u011blen\u00ed, p\u0159\u00edjmov\u00e1 ambulance) 2008-dosud \u00a0ambulantn\u00ed l\u00e9ka\u0159 na endokrinologick\u00e9 ambulanci FN Brno 2012-2013 pr\u00e1ce na \u010d\u00e1ste\u010dn\u00fd \u00favazek v Uherskohradi\u0161\u0165sk\u00e9 nemocnici Nyn\u00ed st\u00e1le pracuji v \u00favazku 0,4 &hellip; <a href=\"https:\/\/www.endomunteanu.cz\/?page_id=35\" class=\"more-link\">Pokra\u010dov\u00e1n\u00ed textu <span class=\"screen-reader-text\">O n\u00e1s<\/span><\/a><\/p>\n","protected":false},"author":1,"featured_media":0,"parent":0,"menu_order":0,"comment_status":"closed","ping_status":"closed","template":"","meta":{"footnotes":""},"class_list":["post-35","page","type-page","status-publish","hentry"],"_links":{"self":[{"href":"https:\/\/www.endomunteanu.cz\/index.php?rest_route=\/wp\/v2\/pages\/35"}],"collection":[{"href":"https:\/\/www.endomunteanu.cz\/index.php?rest_route=\/wp\/v2\/pages"}],"about":[{"href":"https:\/\/www.endomunteanu.cz\/index.php?rest_route=\/wp\/v2\/types\/page"}],"author":[{"embeddable":true,"href":"https:\/\/www.endomunteanu.cz\/index.php?rest_route=\/wp\/v2\/users\/1"}],"replies":[{"embeddable":true,"href":"https:\/\/www.endomunteanu.cz\/index.php?rest_route=%2Fwp%2Fv2%2Fcomments&post=35"}],"version-history":[{"count":10,"href":"https:\/\/www.endomunteanu.cz\/index.php?rest_route=\/wp\/v2\/pages\/35\/revisions"}],"predecessor-version":[{"id":578,"href":"https:\/\/www.endomunteanu.cz\/index.php?rest_route=\/wp\/v2\/pages\/35\/revisions\/578"}],"wp:attachment":[{"href":"https:\/\/www.endomunteanu.cz\/index.php?rest_route=%2Fwp%2Fv2%2Fmedia&parent=35"}],"curies":[{"name":"wp","href":"https:\/\/api.w.org\/{rel}","templated":true}]}}