{"id":369,"date":"2020-12-21T16:49:44","date_gmt":"2020-12-21T15:49:44","guid":{"rendered":"http:\/\/www.endomunteanu.cz\/?page_id=369"},"modified":"2020-12-28T13:29:09","modified_gmt":"2020-12-28T12:29:09","slug":"smluvni-pojistovny","status":"publish","type":"page","link":"https:\/\/www.endomunteanu.cz\/?page_id=369","title":{"rendered":"Smluvn\u00ed poji\u0161tovny"},"content":{"rendered":"\n<p>Od 1. 1. 2021 jsou na\u0161imi smluvn\u00edmi poji\u0161\u0165ovnami:<\/p>\n\n\n\n<p>111 &#8211; VZP<\/p>\n\n\n\n<p>201 &#8211; VoZP<\/p>\n\n\n\n<p>205 &#8211; \u010cPZP<\/p>\n\n\n\n<p>207 &#8211; OZP<\/p>\n\n\n\n<p>211 &#8211; ZPMV<\/p>\n\n\n\n<p>213 &#8211; RBP<\/p>\n","protected":false},"excerpt":{"rendered":"<p>Od 1. 1. 2021 jsou na\u0161imi smluvn\u00edmi poji\u0161\u0165ovnami: 111 &#8211; VZP 201 &#8211; VoZP 205 &#8211; \u010cPZP 207 &#8211; OZP 211 &#8211; ZPMV 213 &#8211; RBP<\/p>\n","protected":false},"author":1,"featured_media":0,"parent":0,"menu_order":0,"comment_status":"closed","ping_status":"closed","template":"","meta":{"footnotes":""},"class_list":["post-369","page","type-page","status-publish","hentry"],"_links":{"self":[{"href":"https:\/\/www.endomunteanu.cz\/index.php?rest_route=\/wp\/v2\/pages\/369"}],"collection":[{"href":"https:\/\/www.endomunteanu.cz\/index.php?rest_route=\/wp\/v2\/pages"}],"about":[{"href":"https:\/\/www.endomunteanu.cz\/index.php?rest_route=\/wp\/v2\/types\/page"}],"author":[{"embeddable":true,"href":"https:\/\/www.endomunteanu.cz\/index.php?rest_route=\/wp\/v2\/users\/1"}],"replies":[{"embeddable":true,"href":"https:\/\/www.endomunteanu.cz\/index.php?rest_route=%2Fwp%2Fv2%2Fcomments&post=369"}],"version-history":[{"count":2,"href":"https:\/\/www.endomunteanu.cz\/index.php?rest_route=\/wp\/v2\/pages\/369\/revisions"}],"predecessor-version":[{"id":377,"href":"https:\/\/www.endomunteanu.cz\/index.php?rest_route=\/wp\/v2\/pages\/369\/revisions\/377"}],"wp:attachment":[{"href":"https:\/\/www.endomunteanu.cz\/index.php?rest_route=%2Fwp%2Fv2%2Fmedia&parent=369"}],"curies":[{"name":"wp","href":"https:\/\/api.w.org\/{rel}","templated":true}]}}