{"id":373,"date":"2020-12-28T13:28:10","date_gmt":"2020-12-28T12:28:10","guid":{"rendered":"http:\/\/www.endomunteanu.cz\/?page_id=373"},"modified":"2020-12-28T13:35:44","modified_gmt":"2020-12-28T12:35:44","slug":"otevreni-ambulance-a-vseobecne-informace","status":"publish","type":"page","link":"https:\/\/www.endomunteanu.cz\/?page_id=373","title":{"rendered":"Otev\u0159en\u00ed ambulance a v\u0161eobecn\u00e9 informace"},"content":{"rendered":"\n<p>Endokrinologick\u00e1 ambulance Endokrinologie Munteanu s. r. o. je v provozu od 5. 9. 2016.<\/p>\n\n\n\n<p>Ambulance se nach\u00e1z\u00ed na Hybe\u0161ov\u011b ulici \u010d. 43,&nbsp;v prvn\u00edm pat\u0159e nov\u011b opraven\u00e9 historick\u00e9 budovy b\u00fdval\u00e9ho \u017eidovsk\u00e9ho gymn\u00e1zia, kter\u00e9 pak dlouho slou\u017eilo jako pracovi\u0161t\u011b zubn\u00ed chirurgie p\u0159i Fakultn\u00ed nemocnici U svat\u00e9 Anny. Nyn\u011bj\u0161\u00ed n\u00e1zev je Medical Center. V p\u0159\u00edzem\u00ed se nach\u00e1z\u00ed l\u00e9karna. Budova je bezbari\u00e9rov\u00e1, nach\u00e1z\u00ed se naproti zadn\u00edmu vstupu do nemocnice U svat\u00e9 Anny.<\/p>\n\n\n\n<p><strong>Adresa<\/strong>: Hybe\u0161ova 43, Brno \u2013 <a href=\"https:\/\/www.google.cz\/maps\/place\/Hybe%C5%A1ova+289%2F43,+602+00+Brno-st%C5%99ed-Star%C3%A9+Brno\/@49.1892059,16.5993264,17z\/data=!3m1!4b1!4m5!3m4!1s0x47129452fed0b657:0xc90be9fdce5052de!8m2!3d49.1892024!4d16.6015151\">mapa<\/a>, parkov\u00e1n\u00ed je mo\u017en\u00e9 zde \u2013 Millenium center parking Hybe\u0161ova 42&nbsp;<a href=\"https:\/\/cz.polomap.com\/brno\/75160\">parkov\u00e1n\u00ed Hybe\u0161ova<\/a><br>nebo parkovac\u00ed d\u016fm Pimki park na ulici Kope\u010dn\u00e1 22&nbsp;<a href=\"https:\/\/www.google.com\/maps\/place\/Kope%C4%8Dn%C3%A1+242%2F22,+602+00+Brno-st%C5%99ed-Star%C3%A9+Brno\/@49.1903084,16.6031474,17z\/data=!3m1!4b1!4m5!3m4!1s0x47129453ed84845b:0xdffc2aa15b80ca9d!8m2!3d49.1903084!4d16.6053361\">parkov\u00e1n\u00ed Kope\u010dn\u00e1<\/a><\/p>\n\n\n\n<p>Dopravn\u00ed spojen\u00ed: tramvaj \u010d. 1, 2 \u2013 zast\u00e1vka Hybe\u0161ova<br>Prov\u00e1d\u00edme v\u0161echna endokrinologick\u00e1 vy\u0161et\u0159en\u00ed, v\u010detn\u011b laboratorn\u00edch odb\u011br\u016f, ultrazvukov\u00e9ho vy\u0161et\u0159en\u00ed a punkce \u0161t\u00edtn\u00e9 \u017el\u00e1zy a jin\u00fdch patologi\u00ed na krku (uzliny, p\u0159\u00ed\u0161t\u00edtn\u00e1 t\u011bl\u00edska\u2026). P\u0159ehled naleznete&nbsp;<strong><a href=\"https:\/\/www.endomunteanu.cz\/?page_id=18\">zde<\/a><\/strong>.<\/p>\n\n\n\n<p>Ordina\u010dn\u00ed hodiny jsou v pond\u011bl\u00ed, \u00fater\u00fd a p\u00e1tek. Detailn\u00ed rozpis naleznete&nbsp;<strong><a href=\"https:\/\/www.endomunteanu.cz\/?page_id=14\">zde<\/a><\/strong>.<\/p>\n\n\n\n<p>Pacienti se mohou objedn\u00e1vat telefonicky nebo e-mailem.<\/p>\n\n\n\n<p>T\u011b\u0161\u00edme se na v\u00e1s!<\/p>\n\n\n\n<p>MUDr. Hana Munteanu<\/p>\n\n\n\n<p>DiS. Eva W\u0161iansk\u00e1<\/p>\n","protected":false},"excerpt":{"rendered":"<p>Endokrinologick\u00e1 ambulance Endokrinologie Munteanu s. r. o. je v provozu od 5. 9. 2016. Ambulance se nach\u00e1z\u00ed na Hybe\u0161ov\u011b ulici \u010d. 43,&nbsp;v prvn\u00edm pat\u0159e nov\u011b opraven\u00e9 historick\u00e9 budovy b\u00fdval\u00e9ho \u017eidovsk\u00e9ho gymn\u00e1zia, kter\u00e9 pak dlouho slou\u017eilo jako pracovi\u0161t\u011b zubn\u00ed chirurgie p\u0159i Fakultn\u00ed nemocnici U svat\u00e9 Anny. Nyn\u011bj\u0161\u00ed n\u00e1zev je Medical Center. V p\u0159\u00edzem\u00ed se nach\u00e1z\u00ed l\u00e9karna. &hellip; <a href=\"https:\/\/www.endomunteanu.cz\/?page_id=373\" class=\"more-link\">Pokra\u010dov\u00e1n\u00ed textu <span class=\"screen-reader-text\">Otev\u0159en\u00ed ambulance a v\u0161eobecn\u00e9 informace<\/span><\/a><\/p>\n","protected":false},"author":1,"featured_media":0,"parent":0,"menu_order":0,"comment_status":"closed","ping_status":"closed","template":"","meta":{"footnotes":""},"class_list":["post-373","page","type-page","status-publish","hentry"],"_links":{"self":[{"href":"https:\/\/www.endomunteanu.cz\/index.php?rest_route=\/wp\/v2\/pages\/373"}],"collection":[{"href":"https:\/\/www.endomunteanu.cz\/index.php?rest_route=\/wp\/v2\/pages"}],"about":[{"href":"https:\/\/www.endomunteanu.cz\/index.php?rest_route=\/wp\/v2\/types\/page"}],"author":[{"embeddable":true,"href":"https:\/\/www.endomunteanu.cz\/index.php?rest_route=\/wp\/v2\/users\/1"}],"replies":[{"embeddable":true,"href":"https:\/\/www.endomunteanu.cz\/index.php?rest_route=%2Fwp%2Fv2%2Fcomments&post=373"}],"version-history":[{"count":3,"href":"https:\/\/www.endomunteanu.cz\/index.php?rest_route=\/wp\/v2\/pages\/373\/revisions"}],"predecessor-version":[{"id":382,"href":"https:\/\/www.endomunteanu.cz\/index.php?rest_route=\/wp\/v2\/pages\/373\/revisions\/382"}],"wp:attachment":[{"href":"https:\/\/www.endomunteanu.cz\/index.php?rest_route=%2Fwp%2Fv2%2Fmedia&parent=373"}],"curies":[{"name":"wp","href":"https:\/\/api.w.org\/{rel}","templated":true}]}}